
What are the prime factors of 1267780984?
2, 17, 9321919
What are the prime factors of 1701555912?
2, 3, 7, 443, 7621
List the prime factors of 496884669.
3, 103, 1608041
What are the prime factors of 3283234216?
2, 410404277
What are the prime factors of 36604900?
2, 5, 389, 941
List the prime factors of 43807323.
3, 7, 59, 5051
List the prime factors of 49051541.
7, 11, 283, 2251
What are the prime factors of 613860621?
3, 11, 18601837
What are the prime factors of 100445253?
3, 33481751
What are the prime factors of 1281350250?
2, 3, 5, 211, 2699
List the prime factors of 63018555.
3, 5, 1787, 2351
List the prime factors of 48114640.
2, 5, 7, 151, 569
What are the prime factors of 2449999567?
41, 59756087
What are the prime factors of 691371190?
2, 5, 69137119
What are the prime factors of 208326622?
2, 7, 14880473
List the prime factors of 133421035.
5, 11, 2425837
List the prime factors of 94380553.
857, 110129
What are the prime factors of 5001498690?
2, 3, 5, 79, 2110337
What are the prime factors of 1290167185?
5, 103, 811, 3089
List the prime factors of 388068381.
3, 193, 74471
List the prime factors of 2544046203.
3, 21787, 38923
What are the prime factors of 7284715?
5, 1456943
List the prime factors of 5100523391.
59, 431, 200579
List the prime factors of 1068159661.
1068159661
List the prime factors of 2727646.
2, 103, 13241
List the prime factors of 4696332901.
13, 23, 15706799
What are the prime factors of 349216287?
3, 7, 43, 101, 547
List the prime factors of 540456492.
2, 3, 83, 163, 3329
What are the prime factors of 85750878?
2, 3, 14291813
What are the prime factors of 336964448?
2, 877, 12007
What are the prime factors of 19719211?
23, 857357
List the prime factors of 4203280076.
2, 10853, 96823
What are the prime factors of 675411584?
2, 5276653
What are the prime factors of 16123107?
3, 7, 11, 13, 59
What are the prime factors of 297558603?
3, 241, 5081
What are the prime factors of 138860334?
2, 3, 37, 208499
List the prime factors of 3705072.
2, 3, 7, 11027
List the prime factors of 102099016.
2, 12762377
What are the prime factors of 163246908?
2, 3, 11, 112429
List the prime factors of 164716242.
2, 3, 27452707
List the prime factors of 3164469726.
2, 3, 11, 17, 2820383
What are the prime factors of 3259775807?
41, 2039, 38993
List the prime factors of 1330143269.
7, 13, 877, 2381
What are the prime factors of 3795857124?
2, 3, 31, 809, 12613
List the prime factors of 456221718.
2, 3, 71, 356981
What are the prime factors of 387229232?
2, 13, 151, 12329
What are the prime factors of 21774381?
3, 199, 36473
What are the prime factors of 776352490?
2, 5, 61, 383, 3323
List the prime factors of 252504073.
29, 8707037
List the prime factors of 141806026.
2, 409, 173357
List the prime factors of 4277900.
2, 5, 11, 3889
List the prime factors of 90242698.
2, 7, 13, 17, 29167
List the prime factors of 26800156.
2, 6700039
List the prime factors of 9579736.
2, 1197467
What are the prime factors of 338476541?
13, 26036657
What are the prime factors of 81947622?
2, 3, 269, 50773
What are the prime factors of 562776358?
2, 179, 1097, 1433
List the prime factors of 259161504.
2, 3, 7, 385657
What are the prime factors of 1449813350?
2, 5, 3779, 7673
List the prime factors of 1881966419.
17, 110703907
List the prime factors of 916216040.
2, 5, 23, 995887
List the prime factors of 806982581.
806982581
List the prime factors of 752052604.
2, 19, 9895429
What are the prime factors of 158879325?
3, 5, 11, 192581
What are the prime factors of 39545533?
23, 1229, 1399
What are the prime factors of 26204734?
2, 31, 422657
List the prime factors of 243211744.
2, 457, 16631
What are the prime factors of 79861917?
3, 26620639
List the prime factors of 483952219.
113, 4282763
List the prime factors of 396871661.
396871661
What are the prime factors of 3303266?
2, 179, 9227
What are the prime factors of 451919958?
2, 3, 7, 41, 67, 3917
What are the prime factors of 241643642?
2, 53, 2279657
List the prime factors of 22139412.
2, 3, 29, 113, 563
What are the prime factors of 214082814?
2, 3, 11, 29, 37, 3023
List the prime factors of 43268955.
3, 5, 181, 15937
What are the prime factors of 1813982?
2, 181, 5011
What are the prime factors of 53384323?
127, 420349
List the prime factors of 514898357.
514898357
What are the prime factors of 3559609359?
3, 19, 43, 577, 839
What are the prime factors of 288595165?
5, 57719033
List the prime factors of 21381092.
2, 5345273
What are the prime factors of 19645147?
1291, 15217
List the prime factors of 775770345.
3, 5, 7, 820921
List the prime factors of 1095697571.
41, 373, 71647
What are the prime factors of 2424839673?
3, 808279891
List the prime factors of 4772030908.
2, 613, 727, 2677
What are the prime factors of 180896059?
41, 4412099
List the prime factors of 55488882.
2, 3, 9248147
What are the prime factors of 685275267?
3, 228425089
What are the prime factors of 21600593?
7, 257, 12007
What are the prime factors of 326766997?
19, 17198263
What are the prime factors of 70615910?
2, 5, 7061591
What are the prime factors of 162725163?
3, 97, 461, 1213
What are the prime factors of 516234414?
2, 3, 86039069
List the prime factors of 38691968.
2, 7, 31, 199
List the prime factors of 238771184.
2, 1951, 7649
List the prime factors of 45247352.
2, 31, 43, 4243
What are the prime factors of 130126886?
2, 29, 569, 3943
List the prime factors of 508488089.
19, 26762531
What are the prime factors of 1943795455?
5, 7, 73, 251, 433
List the prime factors of 904373336.
2, 113046667
What are the prime factors of 1895518587?
3, 631839529
What are the prime factors of 536511044?
2, 739, 181499
What are the prime factors of 704436059?
704436059
List the prime factors of 5640047.
7, 31, 47, 79
List the prime factors of 29622899.
131, 226129
List the prime factors of 529897691.
431, 1229461
What are the prime factors of 180694808?
2, 7, 23, 53, 2647
What are the prime factors of 694824787?
3907, 177841
List the prime factors of 21587258.
2, 7, 11, 140177
What are the prime factors of 2076253329?
3, 19, 197, 184901
List the prime factors of 138101718.
2, 3, 23016953
List the prime factors of 131610512.
2, 11, 67, 11161
What are the prime factors of 347160956?
2, 59, 1471021
List the prime factors of 333402463.
277, 1203619
What are the prime factors of 900573428?
2, 225143357
List the prime factors of 120719881.
73, 1653697
What are the prime factors of 58396466?
2, 47, 621239
What are the prime factors of 374194862?
2, 31, 61, 163, 607
What are the prime factors of 8783584?
2, 53, 5179
List the prime factors of 5314517940.
2, 3, 5, 37, 2393927
What are the prime factors of 313529055?
3, 5, 7, 2985991
What are the prime factors of 1092164357?
1092164357
What are the prime factors of 131136910?
2, 5, 239, 54869
What are the prime factors of 53318917?
79, 601, 1123
What are the prime factors of 789017794?
2, 647, 609751
What are the prime factors of 479957706?
2, 3, 79, 173, 1951
List the prime factors of 37339118.
2, 18669559
List the prime factors of 16065754.
2, 19, 127, 3329
List the prime factors of 70818424.
2, 379, 23357
List the prime factors of 105067397.
19, 5529863
List the prime factors of 2961231407.
89, 33272263
List the prime factors of 1161214799.
1187, 978277
What are the prime factors of 639183930?
2, 3, 5, 7, 11, 5647
What are the prime factors of 512909033?
7, 13, 5636363
List the prime factors of 461942298.
2, 3, 8554487
List the prime factors of 22588958.
2, 7, 1613497
What are the prime factors of 246376657?
181, 1361197
List the prime factors of 3326953892.
2, 29, 28680637
List the prime factors of 4994214342.
2, 3, 13, 23, 37, 75239
List the prime factors of 29031637.
29031637
List the prime factors of 138111834.
2, 3, 7, 83, 39619
What are the prime factors of 4162596951?
3, 31, 641, 69827
What are the prime factors of 7433267?
17, 331, 1321
What are the prime factors of 1992850807?
47, 42401081
What are the prime factors of 266538455?
5, 53307691
List the prime factors of 227794622.
2, 11, 23, 191, 2357
List the prime factors of 725320467.
3, 503, 53407
List the prime factors of 1888880156.
2, 4091, 115429
List the prime factors of 110698370.
2, 5, 19, 582623
List the prime facto